-- phpMyAdmin SQL Dump
-- version 2.11.5
-- http://www.phpmyadmin.net
--
-- Servidor: localhost
-- Tiempo de generación: 01-07-2008 a las 10:20:47
-- Versión del servidor: 5.0.51
-- Versión de PHP: 5.2.5

SET SQL_MODE="NO_AUTO_VALUE_ON_ZERO";

--
-- Base de datos: `prueba`
--

-- --------------------------------------------------------

--
-- Estructura de tabla para la tabla `cuentas`
--

CREATE TABLE `cuentas` (
  `idcuenta` int(5) NOT NULL auto_increment,
  `iddatos` int(1) NOT NULL,
  `tipocuenta` char(20) NOT NULL,
  `saldo` float NOT NULL,
  PRIMARY KEY  (`idcuenta`),
  KEY `iddatos` (`iddatos`)
) ENGINE=InnoDB  DEFAULT CHARSET=latin1 AUTO_INCREMENT=8 ;

--
-- Volcar la base de datos para la tabla `cuentas`
--

INSERT INTO `cuentas` (`idcuenta`, `iddatos`, `tipocuenta`, `saldo`) VALUES
(1, 1, 'cheques', 234),
(2, 1, 'credito', 345),
(3, 4, 'cheques', 564),
(4, 9, 'cheques', 12.34),
(5, 5, 'credito', 234.6),
(6, 7, 'cheques', 466.87),
(7, 6, 'debito', 3455.66);

-- --------------------------------------------------------

--
-- Estructura de tabla para la tabla `datos`
--

CREATE TABLE `datos` (
  `iddatos` int(1) NOT NULL auto_increment,
  `nombre` char(20) NOT NULL,
  `dir` char(30) default NULL,
  PRIMARY KEY  (`iddatos`)
) ENGINE=InnoDB  DEFAULT CHARSET=latin1 AUTO_INCREMENT=10 ;

--
-- Volcar la base de datos para la tabla `datos`
--

INSERT INTO `datos` (`iddatos`, `nombre`, `dir`) VALUES
(1, 'fulanito', 'fulanita num 30'),
(2, 'menganito', 'mengana'),
(3, 'abc abc abc abc', 'calle abc'),
(4, 'pancho', 'xxx'),
(5, 'pancho', 'xxx'),
(6, 'alma', '3 sur'),
(7, 'miguel', '20 de nov'),
(8, 'dsf', 'gsdgw'),
(9, 'susan rios', '25 oriente 2261 Mirador');

-- --------------------------------------------------------

--
-- Estructura de tabla para la tabla `prestamos`
--

CREATE TABLE `prestamos` (
  `idpres` int(3) NOT NULL auto_increment,
  `iddatos` int(1) NOT NULL,
  `fechapago` date default NULL,
  `saldo` float default NULL,
  `fechacorte` date default NULL,
  PRIMARY KEY  (`idpres`),
  KEY `iddatos` (`iddatos`)
) ENGINE=InnoDB  DEFAULT CHARSET=latin1 AUTO_INCREMENT=5 ;

--
-- Volcar la base de datos para la tabla `prestamos`
--

INSERT INTO `prestamos` (`idpres`, `iddatos`, `fechapago`, `saldo`, `fechacorte`) VALUES
(1, 1, '2008-07-30', 2344, '2008-07-01'),
(2, 4, '2008-07-22', 231, '2008-08-04'),
(3, 8, '2008-07-14', 23424, '2008-07-15'),
(4, 6, '2008-07-16', 456, NULL);

--
-- Filtros para las tablas descargadas (dump)
--

--
-- Filtros para la tabla `cuentas`
--
ALTER TABLE `cuentas`
  ADD CONSTRAINT `cuentas_ibfk_1` FOREIGN KEY (`iddatos`) REFERENCES `datos` (`iddatos`) ON DELETE CASCADE;

--
-- Filtros para la tabla `prestamos`
--
ALTER TABLE `prestamos`
  ADD CONSTRAINT `iddatos` FOREIGN KEY (`iddatos`) REFERENCES `datos` (`iddatos`) ON DELETE CASCADE;
